 0*i - 260*i**3. What is x(-4)?
-6
Let u(n) be the third derivative of n**5/20 - n**4/12 - n**3/6 + 2*n**2. What is u(-1)?
4
Let j(f) = 3*f - 2*f**2 + 5*f**2 - 2*f**2 - 3*f**2. Let v(k) = k**2 - k + 3. Let w be v(0). Calculate j(w).
-9
Let q(i) be the first derivative of i**4/12 - i**3/2 - i**2/2 + 2*i + 2. Let n(y) be the first derivative of q(y). What is n(3)?
-1
Let f(h) = h + h**2 - 8 - 5*h + 4. Let z(x) = 5*x**3 - 5*x - 5. Let q(m) = 4*m**3 - 4*m - 4. Let l(g) = 4*q(g) - 3*z(g). Let d be l(2). Give f(d).
1
Let l(i) = -3*i - 7. Let h be (3/(-4))/((-1)/8). Let v = h - 11. Calculate l(v).
8
Suppose -3*n + 6 = -0*n. Let c = -9 + 13. Let h(d) = -c*d + 4*d - n*d - 2 + 3*d. Give h(-5).
-7
Let h(i) = i + 12. Suppose 3*u = 4*y + 7*u + 12, 3*u + 15 = 0. Let v = -4 - y. Determine h(v).
6
Let h(x) = -7*x + x**2 + 8*x**2 - 13*x**2 + 3*x**2. Give h(-4).
12
Suppose -2*y = -b + 19, 2 = -3*y + 2*b - 29. Let v(u) = -u**2 - 7*u + 9. Calculate v(y).
9
Let g(c) = c**3 + 3*c**2 + 2*c - 2. Let h be g(-3). Let l = -6 - h. Let t(w) = -w**2 - w - 2. What is t(l)?
-8
Let t(n) be the first derivative of -n**6/120 - n**5/12 - n**4/8 + n**3/3 - 2*n**2 - 3. Let z(r) be the second derivative of t(r). Give z(-4).
-2
Let x(v) be the third derivative of -1/120*v**5 + 1/360*v**6 + 0*v**3 + 0 - 1/24*v**4 - 2*v**2 + 0*v. Let g(w) be the second derivative of x(w). What is g(1)?
1
Let f(l) = -1. Let y(t) = t**2 - 4*t + 3. Let s be y(2). Let k(v) = -2*v. Let o(p) = s*k(p) - 2*f(p). What is o(-3)?
-4
Let g(a) = a**2 + 4*a + 3. Let f be g(-2). Let p(h) = 9*h**2 - h - 1. What is p(f)?
9
Let t(l) = 2*l**3 - l**2 - l + 2. Let v be t(0). Let s(w) be the third derivative of 0 + 1/6*w**3 + 0*w**4 - 4*w**v + 0*w + 1/60*w**5. What is s(-2)?
5
Let y(r) = r + 3. Let b(a) = -a**3 - 5*a**2 - a + 2. Let l be b(-5). Suppose -22 = -3*i - l. What is y(i)?
8
Let w(s) be the first derivative of s**2/2 + 2*s + 17. What is w(-6)?
-4
Let b be (-90)/(-21) + (-2)/7. Let n(q) = -q + 7. Let d be n(b). Let j(y) = y**3 - 2*y**2 - 2. Determine j(d).
7
Let z(a) = 1 + 7 - a**2 + a - 5 + 6. Let u be 3/(-6)*2*0. What is z(u)?
9
Let x(h) be the third derivative of -h**4/24 - h**3/3 + 2*h**2. Give x(-7).
5
Let b be ((-2)/3)/(1/6). Let h = -6 - -8. Let c(y) = y**h + 2 + 5*y - 4*y**2 - 3 - y**3. Determine c(b).
-5
Suppose p + 0*p - 5*v - 1 = 0, 0 = 4*p + 2*v - 26. Let z(b) = b - 1. Determine z(p).
5
Let t(y) be the second derivative of y**3/3 - 3*y. Let a(s) = 1. Let b(c) = 2*a(c) - t(c). Let r be -2*(2/(-4) + -2). Calculate b(r).
-8
Let j(o) = -o - 7. Let g be j(-5). Let r be g + 1/2*4. Let a = r - 1. Let w(b) = b**2 + 2*b + 1. Calculate w(a).
0
Let z(n) = -15*n**2 + 1 + 1 - 9*n + 5*n - 14*n**3. Let q(v) = 5*v**3 + 5*v**2 + v - 1. Let u(g) = -11*q(g) - 4*z(g). Give u(-3).
6
Let t be (3 - 5)/(-4 + 2). Let d(n) be the first derivative of 1/3*n**3 + n**2 + 4*n - t. What is d(-3)?
7
Let o(u) = u**3 - 8*u**2 - u + 5. Let h(w) = w**3 - 9*w**2 - 2*w + 6. Let y(l) = 3*h(l) - 4*o(l). Give y(3).
10
Let q(p) = -3*p**2 - 1. Let k be q(1). Let h(g) = -1 + 4 + 3*g**2 + g**3 - 4*g - 1 + 0. Calculate h(k).
2
Let k(l) = 3*l + 7*l - 2*l. Give k(2).
16
Suppose 2*h - 5 = -1. Suppose -h*n - 5 = -3*n. Let y(s) = 3*s**3 + 8*s**2 + 9*s + 9. Let b(l) = l**3 + l**2 + l + 1. Let z(v) = -4*b(v) + y(v). What is z(n)?
5
Suppose 4 + 6 = a. Suppose -a = -u - u. Let b(d) = d**2 - 6*d + 3. Calculate b(u).
-2
Let v(d) = 4*d + 4. Let x be v(3). Let q = x - 7. Let y = q + -5. Let j(m) = 2*m - 5. Determine j(y).
3
Let g(f) = -5*f - 1. Let m(k) = -k**2 + 4*k - 1. Let i be m(3). What is g(i)?
-11
Let k(c) = -c**3 - 6*c**2 + 8*c - 2. Let i be k(-6). Let u be 14/63 - i/18. Let h(o) = -o**2 + 3*o - 1. Calculate h(u).
-1
Let d(i) = i**3 - 5*i**2 - 7*i + 5. Let p(n) = -4*n**2 - n. Let q be p(-1). Let s be q/6 + 39/6. What is d(s)?
-1
Let v(o) = -o**3 - o**2 - 2*o - 3. Let s be 27/(-12) - 1/(-4). Let b(l) = l. Let m be b(0). Let x = s + m. Give v(x).
5
Suppose -4*n = -0*n + 8. Let i be (-2)/(-4) - 34/(-4). Let q(r) = -4*r - 8 + i + 5*r. Calculate q(n).
-1
Let t(f) = -2*f - 3*f - 2*f - 2 - 2 - 2*f**2. Suppose -12 = -3*g - 0. Let w be 3/3*0 - g. What is t(w)?
-8
Let g = 31 + -34. Let v be (-1 - 1)*1 - -4. Let p = v + g. Let r(c) = -4*c + 1. Determine r(p).
5
Suppose -8 = -4*l - 4*a, -3*l + 0*a + 10 = -a. Suppose -l*w = -3*c - 6, -6*w + 14 = -2*w + 2*c. Let k(i) = -i - 5 + w + i - i. Calculate k(3).
-5
Let f be (4/(-10))/(1/10). Let o(k) = -k**3 - 3*k**2 + 5*k + 5. What is o(f)?
1
Let l(b) be the second derivative of b**4/12 + 3*b**2 + b. Suppose 4 = -2*s + 2*c, -s - 2 = -4*c - 0*c. Let x be (0/(-1*2))/s. What is l(x)?
6
Let h be (-5)/(0/(-2) - -1). Let s be h/2*8/(-10). Let q(g) be the second derivative of g**5/20 - g**3/2 + 3*g**2/2 - 2*g. Determine q(s).
5
Let r be ((-4)/(-10))/(4/(-20)). Let l(q) = -q**3 + q + 2*q**3 + 1 + 4*q**2 + 0. What is l(r)?
7
Let g(h) = 7*h**2 + 1. Suppose -o - 3 = 2*o. Calculate g(o).
8
Let y(w) be the first derivative of w**2 - 4*w - 51. Give y(3).
2
Let x(r) = -r + 3. Let p be x(0). Let w = p - 0. Let h(k) = 0 + 5 - 3*k - 3. Give h(w).
-7
Suppose -2*j = -r - 19, j - r - 2 = 9. Let k = j + -6. Let q(w) = w**2 - 2*w**2 - 2*w - w**3 - k*w**2. What is q(-3)?
6
Let r(v) be the third derivative of -v**8/1120 - v**7/1260 + v**6/360 - v**5/120 + v**4/6 - 4*v**2. Let w(l) be the second derivative of r(l). Give w(1).
-7
Suppose 3*v = -v. Let d = v + -4. Let i = 6 + d. Let t(s) = s**3 - 1. Determine t(i).
7
Suppose 0*i = 2*i - 8. Let k(r) = i + 2 + r - 5. What is k(5)?
6
Let v(n) = 2*n - 4. Let u be (12/24)/(2/20). What is v(u)?
6
Let v(n) = 11*n + 19. Let h(g) = 4*g + 6. Let y(t) = 8*h(t) - 3*v(t). Let m(d) = 4 + 9 + d - 3. Let u(k) = 6*m(k) + 7*y(k). Calculate u(3).
-6
Let z(j) be the third derivative of -j**5/60 + j**4/4 - j**3/3 + 47*j**2. Calculate z(4).
6
Suppose z - 5 = -4*z. Let u(d) = -4 + 0*d + 2*d + 3. Determine u(z).
1
Suppose o + 0*o - 21 = 0. Suppose -3 + o = -3*m. Let t(l) = -l**2 - 5*l + 4. Determine t(m).
-2
Suppose -4*n - 6 = -3*i + 9, -10 = -5*n - 2*i. Let c(a) = 5*a - 9. Let f(g) = 9*g - 17. Let k(m) = 11*c(m) - 6*f(m). What is k(n)?
3
Let a(s) = s**3 - 7*s**2 + 9. Let c = 2 - -5. Calculate a(c).
9
Let w(m) = m**3 + 4*m**2 - 3*m - 6. Let y(v) = v. Let n(d) = w(d) + y(d). What is n(-4)?
2
Let b(r) = -r - 14. Let u(z) be the first derivative of -z - 1. Let v(f) = b(f) - 6*u(f). What is v(-4)?
-4
Let g(d) = d - 1. Suppose 2*c - 2*m = 4*c - 8, -19 = 4*c - 3*m. What is g(c)?
-2
Let y(n) = -3*n - 4. Suppose 0 = -3*s + 9, 2*s + 0*s = -3*i + 15. Give y(i).
-13
Let n(y) = y**3 - 6*y**2 + 5*y + 4. Let p be 2 + (-6)/(-2 + -1). What is n(p)?
-8
Let f(m) be the first derivative of m**4/4 + 5*m**3/3 + 2*m**2 + m - 1. Let o(q) = -2*q**3 - 25*q**2 + 42*q - 4. Let p be o(-14). Calculate f(p).
1
Suppose -2*m = m. Let f(a) be the first derivative of -1/2*a**2 + 5*a - 1/3*a**3 + 5 - 1/4*a**4. Calculate f(m).
5
Let v(k) = 5*k + 1. Let t = 6 - 10. Let j(w) = 6*w + 1. Let p(q) = t*j(q) + 5*v(q). Give p(3).
4
Let h(w) = 2*w**3 + 10*w**2 + 17*w + 1. Let q(f) = -5*f**2 + 2 - 48*f - 2 + 39*f - f**3. Let c(z) = 3*h(z) + 5*q(z). Give c(-4).
-5
Let j(q) = -7*q**2 - 4*q + 5. Let k(d) = 6*d**2 + 3*d - 4. Let p(g) = -5*j(g) - 6*k(g). What is p(-2)?
-9
Let w(a) = 2*a + 2. Suppose -14*y + 11*y = 6. What is w(y)?
-2
Let o(n) = -n**2 - 6*n + 3. Suppose 2*j = y - 4*y - 3, 3*j + 9 = -3*y. Calculate o(j).
3
Let k = -134 + 141. Let y(o) = -o**2 + 6*o + 3. Calculate y(k).
-4
Let z(q) be the second derivative of -2*q**3/3 + q**2/2 - 3*q. Determine z(-2).
9
Suppose 2*b + 1 + 1 = -2*s, 3*b + 11 = 5*s. Let m(i) = 2 + i**3 + 0*i + 3*i + 2*i - i + 3*i**2. What is m(b)?
-2
Let b(f) = -12*f**2 - 2*f + 1. Let u(o) = -o**2 - o + 1. Let t(c) = b(c) - 2*u(c). What is t(-1)?
-11
Let v(k) = k**3 - 2*k**2 + k + 1. Let s be v(2). Let f(x) = -6 + s + 3 - 8*x. Give f(1).
-8
Let p = 22 + -14. Suppose -2*y + 4*a - 10 = 0, a + 15 + 5 = 5*y. Suppose -y*o = p + 7. Let g(j) = -j**3 - 3*j**2 - j + 3. Calculate g(o).
6
Let y(v) = v**2 - 5*v - 6 + 0*v**2 + 3*v**2 + v**3. Calculate y(-5).
-6
Suppose -3*m = -4 + 37. Suppose 6 + 2 = x. Let g = m + x. Let j(v) = 2*v + 1. Calculate j(g).
-5
Let k(h) = -h**2 + 12*h + 5*h - 7*h. Let z be k(10). Suppose z = -15*x + 11*x - 24. Let f(t) = -t - 1